
Let s(w) = -59*w - 36. Let q be s(-4). Let x = q + -96. What is the tens digit of x?
0
Let i(c) = c**3 + 3*c**2 + 29*c + 54. Let v be i(-2). What is the units digit of 0 + -5 + (v - (-6660)/10)?
1
Let t = 284 + -103. Let k be (-1 - -2)*(-2 - 92). Let v = k + t. What is the tens digit of v?
8
Suppose 2*a + 0*a = 3*n + 80, 0 = 2*n - 8. Suppose -5*f + 2*p - 12 = 24, 5*f + 3*p + a = 0. Let k = f - -16. What is the units digit of k?
8
What is the thousands digit of 40628/(-6)*(60/75)/(252/(-1350))?
9
Suppose -4*i + 4*b = -56, 6 = -2*i + 4*b + 28. Let f = -13 - -20. Let a = i + f. What is the units digit of a?
4
Let x(a) = 12*a**3 - 2*a + 2. Let c be x(1). Suppose -4*g - 48 = -c*g. What is the units digit of 0/g + (-531)/(-3)?
7
Let a(j) = -20 - j**2 + 4*j**2 + j**2 + 5*j. Let z(n) = 3*n**2 + 6*n - 19. Let l(p) = 2*a(p) - 3*z(p). What is the units digit of l(-8)?
7
Let b(o) = -o**2 - 10*o + 205. Let d be b(-20). Suppose 7*q - d*j - 2465 = 2*q, -j = 2. What is the tens digit of q?
9
Let p(c) = -19*c + 1. Suppose -10 = 5*f + 2*x, 3*f = f + x + 5. Let z be (-21)/(-2)*(f - (-10)/(-15)). What is the tens digit of p(z)?
3
Let d(h) = 68*h**3 - 2 + 6*h**2 - 131*h**3 - 11*h + 78*h**3 + 9 + 6. What is the tens digit of d(4)?
2
Let r(k) = -37*k + 1268. What is the tens digit of r(11)?
6
Suppose -4*c + 17*c = 260. Suppose -675 = -25*z + c*z. What is the units digit of z?
5
What is the hundreds digit of (-1658800)/(-234) + (-4 - 111/(-27))?
0
Let p be (14 - 14) + (-6)/(-3). Suppose -p*f = -2*w - 262, 0 = -7*w + 6*w + 3. What is the hundreds digit of f?
1
Let z = 23860 - 12751. What is the units digit of z?
9
Let j = -91 - -92. What is the hundreds digit of (400 - (-1 + j))/(7/7)?
4
Let s(k) = 331*k + 6465. What is the thousands digit of s(49)?
2
Suppose -48*r + 12*r + 1184084 = 32*r. What is the ten thousands digit of r?
1
Suppose -317 = 7*n - 93. Let f be 87 + -2 - (-7 + 5). Let r = n + f. What is the units digit of r?
5
Suppose -5017 - 3784 = -13*c. Let q = -443 + c. What is the units digit of q?
4
Suppose -10*x + 9 = -7*x. Suppose v + 4*l - 1 = x*l, 4*v - 13 = 5*l. Suppose 3*r - v*r - 39 = 0. What is the tens digit of r?
3
Let t be ((-315)/10)/((-6)/12). Suppose -802 = 61*z - t*z. What is the tens digit of z?
0
Suppose 12*s - 116532 = -0*s. Suppose 22*b - s - 19923 = 0. What is the thousands digit of b?
1
Let h(y) = y + 9. Let b be h(-7). Let d(w) = -w**3 - 28*w + 50*w - 4*w**b + 15 - 28*w - 5. What is the units digit of d(-7)?
9
Let s(a) = -a**2 - 24 + 10*a + 4*a - 7*a + 8*a. Let x be s(9). Let d = 104 - x. What is the units digit of d?
4
Suppose -n + 2*z = 3, n + z - 15 = -3*z. Suppose 5*h - 28 = 2*x, n*x + 0*h = -h - 8. What is the hundreds digit of (236/12 - 5)*(-30)/x?
1
Suppose z = -2*s + 34, 5*z - 65 = -0*s - 3*s. Suppose -s*i + i + 112 = 0. What is the units digit of i/10*40/(-8) - -65?
1
Let i(w) = w - 31. Let l be i(9). Let d(y) = -3*y - 84. Let o be d(17). Let s = l - o. What is the tens digit of s?
1
Let c(y) = 10*y**2 - 16 + y**3 + 10*y - 3*y**2 - 14*y. Let f be c(-7). What is the tens digit of 72/(-3)*f/(-9)?
3
Let b be -1 + 163 - (-20 + 19). Suppose -5*z + 2*x + 158 = -3*z, -x - b = -2*z. What is the units digit of z?
4
Let n be -11 + (-20)/(-4) + -2. Let r be -10 + 4/(n/(-6)). Let y(q) = -q**3 - 7*q**2 - 9*q + 5. What is the tens digit of y(r)?
6
Suppose t + 2*t - 36 = 0. Let y(q) = -8*q - 2*q**3 + 3*q**2 - 2*q**3 + t + 7*q**3 + 2*q. What is the units digit of y(3)?
2
Suppose -662324 = -276*i + 88*i. What is the thousands digit of i?
3
Let l(r) = r**2 - 16*r + 3. Let f be l(16). Suppose -3*m + 11 - 45 = -5*v, f*v - 12 = -m. What is the tens digit of m*(305/(-30) + 1/(-2))?
3
What is the thousands digit of (3614/(-13))/(10/(-5))*(-2 - -133)?
8
Let l(j) = -2*j**2 - j - 28. Let k be l(-7). Let g = 426 + k. What is the hundreds digit of g?
3
What is the ten thousands digit of 6/(-45) - (-10129110)/450?
2
Let a = -21873 - -38940. What is the hundreds digit of a?
0
Let i = -296 + 318. Let x(q) = q**2 + 5*q - 22. What is the units digit of x(i)?
2
Let j(d) = -20*d**2 - 5*d - 4. Let k be j(-3). Let z be (-2)/(-1)*k/2. Let h = -102 - z. What is the tens digit of h?
6
Let j(h) = -3*h**2 + 98*h + 1. Let m(z) = 2*z**2 - 65*z - 1. Let c(a) = -5*j(a) - 8*m(a). What is the units digit of c(19)?
2
Let a(j) be the first derivative of j**4/4 - 24*j**2 - 9*j + 33. What is the units digit of a(13)?
4
Let v(s) = 105*s - 3. Let u be v(11). Let y = -1627 + u. Let c = y + 696. What is the hundreds digit of c?
2
Suppose 3*n + 43 = 5*q, -5*q - n + 6*n + 45 = 0. Let j = q + -2. Suppose j*p - 639 = 291. What is the tens digit of p?
5
Suppose -233 = -22*i + 21*i. Let h = i - 145. What is the tens digit of h?
8
Let w(q) = -4*q**3 - 15*q**2 - 3*q**3 - 19*q + 5*q**3 - 23. What is the hundreds digit of w(-9)?
3
Let v = 12433 + -5396. What is the hundreds digit of v?
0
Let r = -11438 - -11444. Let h(f) = 12*f**3 + 4*f**2 - f + 3. Let w be h(-5). What is the tens digit of w/(-10) + r/(-30)?
3
Let a be -3 + 4 + 0 - -16. Suppose 0 = -14*f + a*f - 15. Suppose f*y - 944 = -4*v, -3*v - 396 = -y - y. What is the tens digit of y?
9
Let t(l) = 12*l + 78. Let y be t(-6). Suppose y*s - 10752 = -8*s. What is the units digit of s?
8
Let v = -4 - -22. Let j be v*3*(-2)/(-18). Let g(p) = 2*p**2 + p - 14. What is the units digit of g(j)?
4
Suppose 0 = 13*g + 143 - 39. What is the tens digit of g/(-14) + (-17262)/(-147)?
1
Let s = -635 + 639. Suppose 1769 = -2*j + s*j + p, 2*j - 1772 = 2*p. What is the units digit of j?
5
Let f = 222 - 225. What is the units digit of 1/f*(-291 + (7 - 13))?
9
Let n(l) = -l - 22. Let b be n(-21). Let x(o) = -913*o**3 - 2*o**2 - o. What is the tens digit of x(b)?
1
Let d(t) = 61*t**3 - 2 + 1600*t - 1612*t + 7*t**2 + 5. What is the hundreds digit of d(2)?
4
Let o(h) = -h**3 - 8*h**2 + 9*h + 1. Let m be o(-9). Suppose -4*w - m = -25. What is the tens digit of ((-134)/4)/(3 + (-21)/w)?
6
Suppose -n = 4*t + n - 10, 0 = 4*t - 3*n - 5. Let r(b) = 180*b + 3. What is the tens digit of r(t)?
6
What is the hundreds digit of (0 - -8165) + -96 + 82?
1
Let d be 564/(2 - 0)*36/72. Let k = d + 11. What is the hundreds digit of k?
1
Let f(v) = 2*v**3 + 23*v**2 - 5*v + 16. Let l be f(-11). Suppose 3*n = 858 + l. What is the tens digit of n?
5
Suppose 6641293 = 210*h - 131*h. What is the units digit of h?
7
What is the hundreds digit of ((1540/(-21))/11)/((-1)/(0 - -222))?
4
Suppose -5*b - 10*b = b. Suppose b = -d - 1 + 5. Suppose 5*g - 457 = -d*u, -9*u - 6 = -6*u. What is the units digit of g?
3
Let v be (26/65)/(4/(-5))*-8. Suppose -v*t + 863 = 4*f - 1037, -6 = 2*f. What is the hundreds digit of t?
4
Let n(c) = 2*c**3 - 12*c**2 + 6*c - 7. Suppose 8 = -15*v + 83. Let u be n(v). Let h(g) = -6*g - 41. What is the hundreds digit of h(u)?
1
Suppose -5*q = 2*f - 172145, 3*q + 7*f = 52408 + 50879. What is the ten thousands digit of q?
3
Let n = -428 - -543. Suppose -2*q - 5*k + n = 3*q, -4*k = q - 29. What is the tens digit of q?
2
Let a = -157 - -6. Let t = -96 - a. Let y = t + 88. What is the hundreds digit of y?
1
What is the units digit of ((-4)/20*-2)/(2/134110)?
2
Let w(b) = -2*b**2 - 19*b. Let i be w(-14). Let r = 129 + i. Suppose -r*v = -2*v + 3, 3*a - 2*v - 18 = 0. What is the units digit of a?
4
Suppose -4*b = d + 85 - 576, 2500 = 5*d + 5*b. Let j(r) = -38*r**2 + 2*r + 4. Let y be j(3). Let f = y + d. What is the units digit of f?
1
Let s = 49 - 37. Suppose 18 = 9*g - s*g. Let n(l) = l**3 + 12*l**2 + 10*l + 4. What is the tens digit of n(g)?
6
Suppose -5*q + 14221 = -m, 3696 = 4*q - 4*m - 7684. Suppose u = 10*u - q. What is the units digit of u?
6
Let r be (-8)/((-64)/2) - (-22)/8. What is the hundreds digit of 1/(0 + r/375)?
1
Let q be 885/6 - 1/2. Let z be ((-638)/33)/((-2)/(-9)). Let w = q + z. What is the units digit of w?
0
Suppose 0 = -4*n + 5*k + 5700, -13*n + 4275 = -10*n + k. Let v = n + 55. What is the tens digit of v?
8
Let y be (24388/84)/(2/18). Suppose -8*s + y = -539. What is the hundreds digit of s?
3
Suppose 0 = -0*f + 4*f - 8. Suppose 0 = -3*i - 4*g + 30, i + f*g = 7 + 5. What is the units digit of (201/i)/(2/12)?
1
Suppose -17*q = -6*q - 1254. Suppose -10*y - q = -1034. What is the tens digit of y?
9
Suppose 26*b = -18*b + 2*b + 1531614. What is the t